umber?
True
Is 16923061 prime?
False
Is 2321587 a composite number?
False
Is 113619787 a composite number?
False
Is 13401581 a composite number?
False
Is 407503093 prime?
False
Is 33316123 composite?
True
Is 3383239 composite?
False
Is 269413117 a prime number?
True
Is 21669779 prime?
False
Is 870167 a prime number?
False
Is 198207833 a composite number?
False
Is 65129671 a composite number?
False
Is 188563 prime?
True
Is 77811119 a prime number?
False
Is 1207993 prime?
False
Is 5734121 a composite number?
False
Is 12912649 composite?
False
Is 28921955 prime?
False
Is 142996631 prime?
True
Is 52926373 a prime number?
False
Is 12913315 a composite number?
True
Is 102473747 composite?
False
Is 3443051 prime?
True
Is 18954893 a composite number?
True
Is 5943437 a composite number?
False
Is 47953 a prime number?
False
Is 461910413 a prime number?
False
Is 87135967 composite?
True
Is 2121965297 prime?
True
Is 500335627 prime?
False
Is 37498337 prime?
True
Is 23813 composite?
False
Is 4323283 prime?
True
Is 17443319 a prime number?
True
Is 6898583 composite?
True
Is 7869371 a prime number?
True
Is 107253869 prime?
True
Is 807931 a composite number?
False
Is 18895717 composite?
False
Is 727564195 a composite number?
True
Is 3516943 a prime number?
False
Is 75819605 prime?
False
Is 13420987 a composite number?
False
Is 680119981 prime?
True
Is 155156347 a composite number?
False
Is 16372667 composite?
False
Is 23153579 a prime number?
True
Is 13288631 a composite number?
False
Is 2869199 prime?
True
Is 140587763 prime?
False
Is 153623 a composite number?
False
Is 141218177 a prime number?
False
Is 40988809 prime?
True
Is 106086241 a composite number?
False
Is 52357831 a prime number?
False
Is 5268959 prime?
True
Is 1169899 a prime number?
True
Is 823146559 a prime number?
False
Is 165155849 composite?
False
Is 242911 prime?
True
Is 50780993 a composite number?
False
Is 13875517 a prime number?
True
Is 3111749 a composite number?
True
Is 50200123 prime?
True
Is 71379743 a prime number?
True
Is 96682631 prime?
False
Is 5840951 composite?
False
Is 2201273 prime?
True
Is 9971207 a composite number?
False
Is 763393 a composite number?
True
Is 19728017 prime?
True
Is 1216081 a prime number?
False
Is 2737321415 composite?
True
Is 58103719 composite?
True
Is 1237441 a prime number?
True
Is 70378289 a prime number?
True
Is 2641411 prime?
True
Is 637541 prime?
False
Is 538553 prime?
True
Is 20543711 composite?
False
Is 7222279 composite?
False
Is 6737681 prime?
False
Is 569300339 a prime number?
True
Is 34836173 a prime number?
True
Is 750593 a prime number?
False
Is 31044263 prime?
False
Is 1866854443 a prime number?
False
Is 44076547 prime?
False
Is 19858433 a prime number?
False
Is 4307995 composite?
True
Is 689746283 a prime number?
True
Is 89539909 a composite number?
False
Is 114412154 prime?
False
Is 64189351 a prime number?
True
Is 230667487 composite?
False
Is 38745039 a composite number?
True
Is 31443821 a composite number?
True
Is 1425659 a prime number?
False
Is 93220301 a composite number?
False
Is 14344027 composite?
False
Is 222587 prime?
True
Is 7023433 prime?
True
Is 1800377 composite?
False
Is 5818457 composite?
False
Is 6344227 a prime number?
True
Is 1005751 composite?
False
Is 1255157819 prime?
False
Is 167690937 composite?
True
Is 643034657 a composite number?
False
Is 267466 a prime number?
False
Is 77033807 composite?
False
Is 38107099 a prime number?
True
Is 7769959 a prime number?
False
Is 2245393 prime?
False
Is 3577631 a prime number?
True
Is 59052261 a prime number?
False
Is 202632139 prime?
False
Is 12118555 composite?
True
Is 1868999 a prime number?
False
Is 849869 prime?
True
Is 4869343 a prime number?
False
Is 62181061 a composite number?
False
Is 413249053 composite?
True
Is 210640805 prime?
False
Is 19213609 composite?
True
Is 50129459 a composite number?
False
Is 54654427 prime?
True
Is 13463651 composite?
True
Is 9260357 composite?
True
Is 179283937 a composite number?
True
Is 5769661 a prime number?
False
Is 11336959 a prime number?
True
Is 1054597157 a composite number?
False
Is 6266641 a prime number?
False
Is 15314921 a prime number?
True
Is 58730465 a composite number?
True
Is 16893418 prime?
False
Is 139942687 a prime number?
False
Is 1043617 a composite number?
False
Is 3325111 a prime number?
False
Is 175154797 composite?
False
Is 424521577 a composite number?
False
Is 44475307 prime?
False
Is 30778919 a prime number?
True
Is 586428697 prime?
True
Is 1149822641 composite?
True
Is 4181455 composite?
True
Is 3016171 prime?
True
Is 6075113 a composite number?
True
Is 2345153 prime?
True
Is 633088877 composite?
False
Is 2449417 a prime number?
True
Is 3170179 composite?
False
Is 13866929 a prime number?
True
Is 17774773 a prime number?
True
Is 251309 a prime number?
False
Is 4351381 prime?
False
Is 19949173 prime?
True
Is 93093613 a composite number?
False
Is 6418689 a composite number?
True
Is 2306723 a composite number?
True
Is 6871393 composite?
True
Is 7190429 a prime number?
True
Is 7797841 a prime number?
True
Is 49659271 a composite number?
False
Is 1246717721 composite?
False
Is 58399163 a composite number?
True
Is 118796653 a composite number?
True
Is 428918213 prime?
True
Is 531889417 prime?
True
Is 61354651 composite?
False
Is 96067921 a composite number?
False
Is 748851641 prime?
False
Is 9414562 prime?
False
Is 5154659 prime?
False
Is 7268777 a prime number?
True
Is 30183 a prime number?
False
Is 808575013 a composite number?
True
Is 812604295 a composite number?
True
Is 2265251 composite?
True
Is 240600937 a composite number?
False
Is 1746203 composite?
False
Is 1969811 composite?
False
Is 20609977 prime?
True
Is 30419537 prime?
True
Is 64146982 a prime number?
False
Is 640627 prime?
False
Is 46248173 prime?
False
Is 54418009 a composite number?
True
Is 525107 composite?
True
Is 2611599 composite?
True
Is 11804113 a prime number?
True
Is 698093 a prime number?
False
Is 11382509 a composite number?
False
Is 14733249 a composite number?
True
Is 5084294 a composite number?
True
Is 33867049 composite?
True
Is 149691877 a prime number?
True
Is 8784719 a composite number?
False
Is 138410149 composite?
True
Is 55651339 composite?
True
Is 70553177 a composite number?
False
Is 2797019 composite?
False
Is 1674659 prime?
False
Is 763339 a prime number?
True
Is 850529 a prime number?
True
Is 4839369 composite?
True
Is 451738801 prime?
True
Is 923107 a prime number?
True
Is 16971634 composite?
True
Is 6888517 prime?
False
Is 350177641 composite?
True
Is 821207 composite?
False
Is 9351229 prime?
True
Is 2572207 a composite number?
True
Is 69632337 composite?
True
Is 5023591 composite?
True
Is 3151979 composite?
False
Is 559291 a prime number?
False
Is 1398511 composite?
True
Is 91999253 a prime number?
False
Is 17374859 prime?
True
Is 1834957 a composite number?
True
Is 670463 a prime number?
False
Is 106691619 a prime number?
False
Is 128095213 composite?
False
Is 59580347 prime?
False
Is 1715971 prime?
True
Is 4006381 a prime number?
True
Is 31526141 a prime number?
True
Is 12958889 a composite number?
True
Is 59999 a prime number?
True
Is 1889551 a prime number?
True
Is 491383 a prime number?
False
Is 38230453 a composite number?
True
Is 10976701 a prime number?
True
Is 5804107 a prime number?
False
Is 46591451 prime?
True
Is 18220841 prime?
True
Is 30776749 a prime number?
False
Is 61326197 a prime number?
True
Is 1003001 a prime number?
True
Is 24169441 a prime number?
False
Is 71788559 composite?
False
Is 518501 composite?
True
Is 2423587 a composite number?
True
Is 12236813 a prime number?
False
Is 1253783 composite?
False
Is 17476133 prime?
True
Is 18047311 prime?
False
Is 68345911 a composite number?
False
Is 857267 a composite number?
False
Is 7176607 a prime number?
False
Is 12838877 a prime number?
True
Is 301879 prime?
False
Is 13316027 prime?
True
Is 16301039 composite?
True
Is 1417217 prime?
True
Is 557299 composite?
True
Is 270901 prime?
False
Is 4087661 a prime number?
True
Is 12969883 composite?
True
Is 31207073 a composite number?
False
Is 3811937 a prime number?
False
Is 4612789 a composite number?
False
Is 875921 a prime number?
False
Is 28467601 composite?
False
Is 212701061 a composite number?